{"id":8396,"date":"2020-09-15T00:57:27","date_gmt":"2020-09-15T00:57:27","guid":{"rendered":"https:\/\/worklaser.pt\/?post_type=product&#038;p=8396"},"modified":"2023-07-04T08:20:57","modified_gmt":"2023-07-04T08:20:57","slug":"convite-portal-da-felicidade","status":"publish","type":"product","link":"https:\/\/worklaser.pt\/?product=convite-portal-da-felicidade","title":{"rendered":"Convite Portal da Felicidade"},"content":{"rendered":"","protected":false},"excerpt":{"rendered":"<p>Convite com corte a laser, formato portal da felicidade.<br \/>\nA estrutura do texto no convite pode ser personalizada.<br \/>\nAp\u00f3s valida\u00e7\u00e3o da encomenda receber\u00e1 o desenho digital do convite para confirma\u00e7\u00e3o.  <\/p>\n<p>Tamanho do convite: 17cmx12cm <\/p>\n<p>Material: Papel de 250gm com brilho suave com exce\u00e7\u00e3o do craft que n\u00e3o tem brilho.  <\/p>\n<p>Tempo de entrega: 15\/20 dias \u00fateis <\/p>\n<p>Compra m\u00ednima de 10 convites <\/p>\n<p>Pre\u00e7os <\/p>\n<p>de 10 a 30 convites \u2013 2,95\u20ac Cada<br \/>\nde 31 a 80 convites \u2013 2,65\u20ac Cada<br \/>\n81 ou mais convites \u2013 2,45\u20ac Cada <\/p>\n","protected":false},"featured_media":8398,"comment_status":"open","ping_status":"closed","template":"","meta":[],"product_cat":[15],"product_tag":[],"yoast_head":"<!-- This site is optimized with the Yoast SEO plugin v14.5 - https:\/\/yoast.com\/wordpress\/plugins\/seo\/ -->\n<title>Convite Portal da Felicidade - WorkLaser<\/title>\n<meta name=\"robots\" content=\"index, follow\" \/>\n<meta name=\"googlebot\" content=\"index, follow, max-snippet:-1, max-image-preview:large, max-video-preview:-1\" \/>\n<meta name=\"bingbot\" content=\"index, follow, max-snippet:-1, max-image-preview:large, max-video-preview:-1\" \/>\n<link rel=\"canonical\" href=\"https:\/\/worklaser.pt\/?product=convite-portal-da-felicidade\" \/>\n<meta property=\"og:locale\" content=\"pt_PT\" \/>\n<meta property=\"og:type\" content=\"article\" \/>\n<meta property=\"og:title\" content=\"Convite Portal da Felicidade - WorkLaser\" \/>\n<meta property=\"og:description\" content=\"Convite com corte a laser, formato portal da felicidade.  A estrutura do texto no convite pode ser personalizada.  Ap\u00f3s valida\u00e7\u00e3o da encomenda receber\u00e1 o desenho digital do convite para confirma\u00e7\u00e3o.     Tamanho do convite: 17cmx12cm   Material: Papel de 250gm com brilho suave com exce\u00e7\u00e3o do craft que n\u00e3o tem brilho.    Tempo de entrega: 15\/20 dias \u00fateis   Compra m\u00ednima de 10 convites   Pre\u00e7os    de 10 a 30 convites \u2013 2,95\u20ac Cada  de 31 a 80 convites \u2013 2,65\u20ac Cada  81 ou mais convites \u2013 2,45\u20ac Cada\" \/>\n<meta property=\"og:url\" content=\"https:\/\/worklaser.pt\/?product=convite-portal-da-felicidade\" \/>\n<meta property=\"og:site_name\" content=\"WorkLaser\" \/>\n<meta property=\"article:publisher\" content=\"https:\/\/www.facebook.com\/worklaser\" \/>\n<meta property=\"article:modified_time\" content=\"2023-07-04T08:20:57+00:00\" \/>\n<meta property=\"og:image\" content=\"https:\/\/worklaser.pt\/wp-content\/uploads\/2020\/09\/convite-portal-da-felicidade-foto-1.jpg\" \/>\n\t<meta property=\"og:image:width\" content=\"492\" \/>\n\t<meta property=\"og:image:height\" content=\"384\" \/>\n<meta property=\"fb:app_id\" content=\"275000290498322\" \/>\n<meta name=\"twitter:card\" content=\"summary_large_image\" \/>\n<script type=\"application\/ld+json\" class=\"yoast-schema-graph\">{\"@context\":\"https:\/\/schema.org\",\"@graph\":[{\"@type\":\"WebSite\",\"@id\":\"https:\/\/worklaser.pt\/#website\",\"url\":\"https:\/\/worklaser.pt\/\",\"name\":\"WorkLaser\",\"description\":\"Loja Online\",\"potentialAction\":[{\"@type\":\"SearchAction\",\"target\":\"https:\/\/worklaser.pt\/?s={search_term_string}\",\"query-input\":\"required name=search_term_string\"}],\"inLanguage\":\"pt-PT\"},{\"@type\":\"ImageObject\",\"@id\":\"https:\/\/worklaser.pt\/?product=convite-portal-da-felicidade#primaryimage\",\"inLanguage\":\"pt-PT\",\"url\":\"https:\/\/worklaser.pt\/wp-content\/uploads\/2020\/09\/convite-portal-da-felicidade-foto-1.jpg\",\"width\":492,\"height\":384},{\"@type\":\"WebPage\",\"@id\":\"https:\/\/worklaser.pt\/?product=convite-portal-da-felicidade#webpage\",\"url\":\"https:\/\/worklaser.pt\/?product=convite-portal-da-felicidade\",\"name\":\"Convite Portal da Felicidade - WorkLaser\",\"isPartOf\":{\"@id\":\"https:\/\/worklaser.pt\/#website\"},\"primaryImageOfPage\":{\"@id\":\"https:\/\/worklaser.pt\/?product=convite-portal-da-felicidade#primaryimage\"},\"datePublished\":\"2020-09-15T00:57:27+00:00\",\"dateModified\":\"2023-07-04T08:20:57+00:00\",\"inLanguage\":\"pt-PT\",\"potentialAction\":[{\"@type\":\"ReadAction\",\"target\":[\"https:\/\/worklaser.pt\/?product=convite-portal-da-felicidade\"]}]}]}<\/script>\n<!-- \/ Yoast SEO plugin. -->","builder_content":"","_links":{"self":[{"href":"https:\/\/worklaser.pt\/index.php?rest_route=\/wp\/v2\/product\/8396"}],"collection":[{"href":"https:\/\/worklaser.pt\/index.php?rest_route=\/wp\/v2\/product"}],"about":[{"href":"https:\/\/worklaser.pt\/index.php?rest_route=\/wp\/v2\/types\/product"}],"replies":[{"embeddable":true,"href":"https:\/\/worklaser.pt\/index.php?rest_route=%2Fwp%2Fv2%2Fcomments&post=8396"}],"wp:featuredmedia":[{"embeddable":true,"href":"https:\/\/worklaser.pt\/index.php?rest_route=\/wp\/v2\/media\/8398"}],"wp:attachment":[{"href":"https:\/\/worklaser.pt\/index.php?rest_route=%2Fwp%2Fv2%2Fmedia&parent=8396"}],"wp:term":[{"taxonomy":"product_cat","embeddable":true,"href":"https:\/\/worklaser.pt\/index.php?rest_route=%2Fwp%2Fv2%2Fproduct_cat&post=8396"},{"taxonomy":"product_tag","embeddable":true,"href":"https:\/\/worklaser.pt\/index.php?rest_route=%2Fwp%2Fv2%2Fproduct_tag&post=8396"}],"curies":[{"name":"wp","href":"https:\/\/api.w.org\/{rel}","templated":true}]}}