{"id":12609,"date":"2023-10-31T15:53:51","date_gmt":"2023-10-31T15:53:51","guid":{"rendered":"https:\/\/worklaser.pt\/?post_type=product&#038;p=12609"},"modified":"2025-10-20T08:56:13","modified_gmt":"2025-10-20T08:56:13","slug":"jarra-tronco","status":"publish","type":"product","link":"https:\/\/worklaser.pt\/?product=jarra-tronco","title":{"rendered":"Jarra Tronco"},"content":{"rendered":"","protected":false},"excerpt":{"rendered":"<p>Jarra tronco de madeira natural<\/p>\n<p>-Inclui ramo de flores secas (as cores das flores s\u00e3o variadas, n\u00e3o \u00e9 poss\u00edvel escolher)<\/p>\n<p>-Pode personalizar a frase<\/p>\n<p>&#8211; Inclui caixa para oferta fechada com fita em cetim e cart\u00e3o para escrever um dedicat\u00f3ria.<\/p>\n<p>Tamanho da jarra tronco: entre\u00a0 11 a 13 cm de di\u00e2metro e 4 cm espessura<br \/>\nTempo de entrega 10-12 dias \u00fateis<\/p>\n","protected":false},"featured_media":12611,"comment_status":"open","ping_status":"closed","template":"","meta":[],"product_cat":[122,115,116,113],"product_tag":[],"yoast_head":"<!-- This site is optimized with the Yoast SEO plugin v14.5 - https:\/\/yoast.com\/wordpress\/plugins\/seo\/ -->\n<title>Jarra Tronco - WorkLaser<\/title>\n<meta name=\"robots\" content=\"index, follow\" \/>\n<meta name=\"googlebot\" content=\"index, follow, max-snippet:-1, max-image-preview:large, max-video-preview:-1\" \/>\n<meta name=\"bingbot\" content=\"index, follow, max-snippet:-1, max-image-preview:large, max-video-preview:-1\" \/>\n<link rel=\"canonical\" href=\"https:\/\/worklaser.pt\/?product=jarra-tronco\" \/>\n<meta property=\"og:locale\" content=\"pt_PT\" \/>\n<meta property=\"og:type\" content=\"article\" \/>\n<meta property=\"og:title\" content=\"Jarra Tronco - WorkLaser\" \/>\n<meta property=\"og:description\" content=\"Jarra tronco de madeira natural  -Inclui ramo de flores secas (as cores das flores s\u00e3o variadas, n\u00e3o \u00e9 poss\u00edvel escolher)  -Pode personalizar a frase  - Inclui caixa para oferta fechada com fita em cetim e cart\u00e3o para escrever um dedicat\u00f3ria.  Tamanho da jarra tronco: entre\u00a0 11 a 13 cm de di\u00e2metro e 4 cm espessura Tempo de entrega 10-12 dias \u00fateis\" \/>\n<meta property=\"og:url\" content=\"https:\/\/worklaser.pt\/?product=jarra-tronco\" \/>\n<meta property=\"og:site_name\" content=\"WorkLaser\" \/>\n<meta property=\"article:publisher\" content=\"https:\/\/www.facebook.com\/worklaser\" \/>\n<meta property=\"article:modified_time\" content=\"2025-10-20T08:56:13+00:00\" \/>\n<meta property=\"og:image\" content=\"https:\/\/worklaser.pt\/wp-content\/uploads\/2023\/10\/2-2.jpg\" \/>\n\t<meta property=\"og:image:width\" content=\"600\" \/>\n\t<meta property=\"og:image:height\" content=\"469\" \/>\n<meta property=\"fb:app_id\" content=\"275000290498322\" \/>\n<meta name=\"twitter:card\" content=\"summary_large_image\" \/>\n<script type=\"application\/ld+json\" class=\"yoast-schema-graph\">{\"@context\":\"https:\/\/schema.org\",\"@graph\":[{\"@type\":\"WebSite\",\"@id\":\"https:\/\/worklaser.pt\/#website\",\"url\":\"https:\/\/worklaser.pt\/\",\"name\":\"WorkLaser\",\"description\":\"Loja Online\",\"potentialAction\":[{\"@type\":\"SearchAction\",\"target\":\"https:\/\/worklaser.pt\/?s={search_term_string}\",\"query-input\":\"required name=search_term_string\"}],\"inLanguage\":\"pt-PT\"},{\"@type\":\"ImageObject\",\"@id\":\"https:\/\/worklaser.pt\/?product=jarra-tronco#primaryimage\",\"inLanguage\":\"pt-PT\",\"url\":\"https:\/\/worklaser.pt\/wp-content\/uploads\/2023\/10\/2-2.jpg\",\"width\":600,\"height\":469},{\"@type\":\"WebPage\",\"@id\":\"https:\/\/worklaser.pt\/?product=jarra-tronco#webpage\",\"url\":\"https:\/\/worklaser.pt\/?product=jarra-tronco\",\"name\":\"Jarra Tronco - WorkLaser\",\"isPartOf\":{\"@id\":\"https:\/\/worklaser.pt\/#website\"},\"primaryImageOfPage\":{\"@id\":\"https:\/\/worklaser.pt\/?product=jarra-tronco#primaryimage\"},\"datePublished\":\"2023-10-31T15:53:51+00:00\",\"dateModified\":\"2025-10-20T08:56:13+00:00\",\"inLanguage\":\"pt-PT\",\"potentialAction\":[{\"@type\":\"ReadAction\",\"target\":[\"https:\/\/worklaser.pt\/?product=jarra-tronco\"]}]}]}<\/script>\n<!-- \/ Yoast SEO plugin. -->","builder_content":"","_links":{"self":[{"href":"https:\/\/worklaser.pt\/index.php?rest_route=\/wp\/v2\/product\/12609"}],"collection":[{"href":"https:\/\/worklaser.pt\/index.php?rest_route=\/wp\/v2\/product"}],"about":[{"href":"https:\/\/worklaser.pt\/index.php?rest_route=\/wp\/v2\/types\/product"}],"replies":[{"embeddable":true,"href":"https:\/\/worklaser.pt\/index.php?rest_route=%2Fwp%2Fv2%2Fcomments&post=12609"}],"wp:featuredmedia":[{"embeddable":true,"href":"https:\/\/worklaser.pt\/index.php?rest_route=\/wp\/v2\/media\/12611"}],"wp:attachment":[{"href":"https:\/\/worklaser.pt\/index.php?rest_route=%2Fwp%2Fv2%2Fmedia&parent=12609"}],"wp:term":[{"taxonomy":"product_cat","embeddable":true,"href":"https:\/\/worklaser.pt\/index.php?rest_route=%2Fwp%2Fv2%2Fproduct_cat&post=12609"},{"taxonomy":"product_tag","embeddable":true,"href":"https:\/\/worklaser.pt\/index.php?rest_route=%2Fwp%2Fv2%2Fproduct_tag&post=12609"}],"curies":[{"name":"wp","href":"https:\/\/api.w.org\/{rel}","templated":true}]}}