{"id":11234,"date":"2022-03-22T19:32:30","date_gmt":"2022-03-22T19:32:30","guid":{"rendered":"https:\/\/worklaser.pt\/?post_type=product&#038;p=11234"},"modified":"2026-03-25T13:34:39","modified_gmt":"2026-03-25T13:34:39","slug":"porta-velas-circulo","status":"publish","type":"product","link":"https:\/\/worklaser.pt\/?product=porta-velas-circulo","title":{"rendered":"Porta Velas C\u00edrculo"},"content":{"rendered":"","protected":false},"excerpt":{"rendered":"<p><em><span style=\"text-decoration: line-through;\"><span style=\"font-size: large;\"><b>3.40\u20ac &#8211; 4.95\u20ac<\/b><\/span><\/span><\/em><\/p>\n<p>Porta vela c\u00edrculo simples em madeira<br \/>\n&#8211; Personalizado com nomes e data<br \/>\n\u2013 Com vela branca<br \/>\n\u2013 Decora\u00e7\u00e3o com flores<\/p>\n<p>Tamanho: 8,5cm de di\u00e2metro<\/p>\n<p><strong>M\u00ednimo compra 15 unidades <\/strong>( caso necessite de menos entre em contacto connosco).<\/p>\n<p>Tempo de entrega 20-25 dias \u00fateis<\/p>\n<p>Possibilidade de acrescentar a caixa com la\u00e7o. O tamanho da caixa pode variar, mas o estilo ser\u00e1 sempre o mesmo e o porta velas sempre do mesmo tamanho.<\/p>\n<p>A cor do la\u00e7o pode ser alterada, indique nas notas da encomenda a cor que gostaria.<\/p>\n<p>Caso queira outra cor para as flores entre em contacto connosco para saber se temos dispon\u00edvel.<\/p>\n","protected":false},"featured_media":12789,"comment_status":"open","ping_status":"closed","template":"","meta":[],"product_cat":[48,56,77],"product_tag":[],"yoast_head":"<!-- This site is optimized with the Yoast SEO plugin v14.5 - https:\/\/yoast.com\/wordpress\/plugins\/seo\/ -->\n<title>Porta Velas C\u00edrculo - WorkLaser<\/title>\n<meta name=\"robots\" content=\"index, follow\" \/>\n<meta name=\"googlebot\" content=\"index, follow, max-snippet:-1, max-image-preview:large, max-video-preview:-1\" \/>\n<meta name=\"bingbot\" content=\"index, follow, max-snippet:-1, max-image-preview:large, max-video-preview:-1\" \/>\n<link rel=\"canonical\" href=\"https:\/\/worklaser.pt\/?product=porta-velas-circulo\" \/>\n<meta property=\"og:locale\" content=\"pt_PT\" \/>\n<meta property=\"og:type\" content=\"article\" \/>\n<meta property=\"og:title\" content=\"Porta Velas C\u00edrculo - WorkLaser\" \/>\n<meta property=\"og:description\" content=\"3.40\u20ac - 4.95\u20ac  Porta vela c\u00edrculo simples em madeira - Personalizado com nomes e data \u2013 Com vela branca \u2013 Decora\u00e7\u00e3o com flores  Tamanho: 8,5cm de di\u00e2metro  M\u00ednimo compra 15 unidades ( caso necessite de menos entre em contacto connosco).  Tempo de entrega 20-25 dias \u00fateis  Possibilidade de acrescentar a caixa com la\u00e7o. O tamanho da caixa pode variar, mas o estilo ser\u00e1 sempre o mesmo e o porta velas sempre do mesmo tamanho.  A cor do la\u00e7o pode ser alterada, indique nas notas da encomenda a cor que gostaria.  Caso queira outra cor para as flores entre em contacto connosco para saber se temos dispon\u00edvel.\" \/>\n<meta property=\"og:url\" content=\"https:\/\/worklaser.pt\/?product=porta-velas-circulo\" \/>\n<meta property=\"og:site_name\" content=\"WorkLaser\" \/>\n<meta property=\"article:publisher\" content=\"https:\/\/www.facebook.com\/worklaser\" \/>\n<meta property=\"article:modified_time\" content=\"2026-03-25T13:34:39+00:00\" \/>\n<meta property=\"og:image\" content=\"https:\/\/worklaser.pt\/wp-content\/uploads\/2024\/02\/circulo-4.jpg\" \/>\n\t<meta property=\"og:image:width\" content=\"600\" \/>\n\t<meta property=\"og:image:height\" content=\"469\" \/>\n<meta property=\"fb:app_id\" content=\"275000290498322\" \/>\n<meta name=\"twitter:card\" content=\"summary_large_image\" \/>\n<script type=\"application\/ld+json\" class=\"yoast-schema-graph\">{\"@context\":\"https:\/\/schema.org\",\"@graph\":[{\"@type\":\"WebSite\",\"@id\":\"https:\/\/worklaser.pt\/#website\",\"url\":\"https:\/\/worklaser.pt\/\",\"name\":\"WorkLaser\",\"description\":\"Loja Online\",\"potentialAction\":[{\"@type\":\"SearchAction\",\"target\":\"https:\/\/worklaser.pt\/?s={search_term_string}\",\"query-input\":\"required name=search_term_string\"}],\"inLanguage\":\"pt-PT\"},{\"@type\":\"ImageObject\",\"@id\":\"https:\/\/worklaser.pt\/?product=porta-velas-circulo#primaryimage\",\"inLanguage\":\"pt-PT\",\"url\":\"https:\/\/worklaser.pt\/wp-content\/uploads\/2024\/02\/circulo-4.jpg\",\"width\":600,\"height\":469},{\"@type\":\"WebPage\",\"@id\":\"https:\/\/worklaser.pt\/?product=porta-velas-circulo#webpage\",\"url\":\"https:\/\/worklaser.pt\/?product=porta-velas-circulo\",\"name\":\"Porta Velas C\\u00edrculo - WorkLaser\",\"isPartOf\":{\"@id\":\"https:\/\/worklaser.pt\/#website\"},\"primaryImageOfPage\":{\"@id\":\"https:\/\/worklaser.pt\/?product=porta-velas-circulo#primaryimage\"},\"datePublished\":\"2022-03-22T19:32:30+00:00\",\"dateModified\":\"2026-03-25T13:34:39+00:00\",\"inLanguage\":\"pt-PT\",\"potentialAction\":[{\"@type\":\"ReadAction\",\"target\":[\"https:\/\/worklaser.pt\/?product=porta-velas-circulo\"]}]}]}<\/script>\n<!-- \/ Yoast SEO plugin. -->","builder_content":"","_links":{"self":[{"href":"https:\/\/worklaser.pt\/index.php?rest_route=\/wp\/v2\/product\/11234"}],"collection":[{"href":"https:\/\/worklaser.pt\/index.php?rest_route=\/wp\/v2\/product"}],"about":[{"href":"https:\/\/worklaser.pt\/index.php?rest_route=\/wp\/v2\/types\/product"}],"replies":[{"embeddable":true,"href":"https:\/\/worklaser.pt\/index.php?rest_route=%2Fwp%2Fv2%2Fcomments&post=11234"}],"wp:featuredmedia":[{"embeddable":true,"href":"https:\/\/worklaser.pt\/index.php?rest_route=\/wp\/v2\/media\/12789"}],"wp:attachment":[{"href":"https:\/\/worklaser.pt\/index.php?rest_route=%2Fwp%2Fv2%2Fmedia&parent=11234"}],"wp:term":[{"taxonomy":"product_cat","embeddable":true,"href":"https:\/\/worklaser.pt\/index.php?rest_route=%2Fwp%2Fv2%2Fproduct_cat&post=11234"},{"taxonomy":"product_tag","embeddable":true,"href":"https:\/\/worklaser.pt\/index.php?rest_route=%2Fwp%2Fv2%2Fproduct_tag&post=11234"}],"curies":[{"name":"wp","href":"https:\/\/api.w.org\/{rel}","templated":true}]}}