{"id":11215,"date":"2022-03-22T18:31:04","date_gmt":"2022-03-22T18:31:04","guid":{"rendered":"https:\/\/worklaser.pt\/?post_type=product&#038;p=11215"},"modified":"2025-06-06T08:36:10","modified_gmt":"2025-06-06T08:36:10","slug":"caixa-madrinha-batismo","status":"publish","type":"product","link":"https:\/\/worklaser.pt\/?product=caixa-madrinha-batismo","title":{"rendered":"Caixa Madrinha Batismo"},"content":{"rendered":"","protected":false},"excerpt":{"rendered":"<p>Caixa em madeira natural:<br \/>\n\u2013 Personalizada na tampa exterior com nomes e data<\/p>\n<p>\u2013 Convite em papel com frase personalizada<\/p>\n<p>\u2013 Pode escolher os 3 produtos a colocar na caixa<\/p>\n<p>O pendente da pulseira diz \u201cAdoro-te Madrinha\u201d .<br \/>\nA caneta e o porta velas s\u00e3o personalizados com nome da madrinha.<br \/>\nO Mateus Ros\u00e9 \u00e9 de 25cl e o Espumante \u00e9 de 20cl<\/p>\n<p>Tamanho da caixa: 24 x 14 x 8,5cm<br \/>\nTempo de entrega: 10-15 dias \u00fateis ap\u00f3s pagamento<\/p>\n","protected":false},"featured_media":11212,"comment_status":"open","ping_status":"closed","template":"","meta":[],"product_cat":[87],"product_tag":[],"yoast_head":"<!-- This site is optimized with the Yoast SEO plugin v14.5 - https:\/\/yoast.com\/wordpress\/plugins\/seo\/ -->\n<title>Caixa Madrinha Batismo - WorkLaser<\/title>\n<meta name=\"robots\" content=\"index, follow\" \/>\n<meta name=\"googlebot\" content=\"index, follow, max-snippet:-1, max-image-preview:large, max-video-preview:-1\" \/>\n<meta name=\"bingbot\" content=\"index, follow, max-snippet:-1, max-image-preview:large, max-video-preview:-1\" \/>\n<link rel=\"canonical\" href=\"https:\/\/worklaser.pt\/?product=caixa-madrinha-batismo\" \/>\n<meta property=\"og:locale\" content=\"pt_PT\" \/>\n<meta property=\"og:type\" content=\"article\" \/>\n<meta property=\"og:title\" content=\"Caixa Madrinha Batismo - WorkLaser\" \/>\n<meta property=\"og:description\" content=\"Caixa em madeira natural: \u2013 Personalizada na tampa exterior com nomes e data  \u2013 Convite em papel com frase personalizada  \u2013 Pode escolher os 3 produtos a colocar na caixa  O pendente da pulseira diz \u201cAdoro-te Madrinha\u201d . A caneta e o porta velas s\u00e3o personalizados com nome da madrinha. O Mateus Ros\u00e9 \u00e9 de 25cl e o Espumante \u00e9 de 20cl  Tamanho da caixa: 24 x 14 x 8,5cm Tempo de entrega: 10-15 dias \u00fateis ap\u00f3s pagamento\" \/>\n<meta property=\"og:url\" content=\"https:\/\/worklaser.pt\/?product=caixa-madrinha-batismo\" \/>\n<meta property=\"og:site_name\" content=\"WorkLaser\" \/>\n<meta property=\"article:publisher\" content=\"https:\/\/www.facebook.com\/worklaser\" \/>\n<meta property=\"article:modified_time\" content=\"2025-06-06T08:36:10+00:00\" \/>\n<meta property=\"og:image\" content=\"https:\/\/worklaser.pt\/wp-content\/uploads\/2022\/03\/11-1.jpg\" \/>\n\t<meta property=\"og:image:width\" content=\"600\" \/>\n\t<meta property=\"og:image:height\" content=\"469\" \/>\n<meta property=\"fb:app_id\" content=\"275000290498322\" \/>\n<meta name=\"twitter:card\" content=\"summary_large_image\" \/>\n<script type=\"application\/ld+json\" class=\"yoast-schema-graph\">{\"@context\":\"https:\/\/schema.org\",\"@graph\":[{\"@type\":\"WebSite\",\"@id\":\"https:\/\/worklaser.pt\/#website\",\"url\":\"https:\/\/worklaser.pt\/\",\"name\":\"WorkLaser\",\"description\":\"Loja Online\",\"potentialAction\":[{\"@type\":\"SearchAction\",\"target\":\"https:\/\/worklaser.pt\/?s={search_term_string}\",\"query-input\":\"required name=search_term_string\"}],\"inLanguage\":\"pt-PT\"},{\"@type\":\"ImageObject\",\"@id\":\"https:\/\/worklaser.pt\/?product=caixa-madrinha-batismo#primaryimage\",\"inLanguage\":\"pt-PT\",\"url\":\"https:\/\/worklaser.pt\/wp-content\/uploads\/2022\/03\/11-1.jpg\",\"width\":600,\"height\":469},{\"@type\":\"WebPage\",\"@id\":\"https:\/\/worklaser.pt\/?product=caixa-madrinha-batismo#webpage\",\"url\":\"https:\/\/worklaser.pt\/?product=caixa-madrinha-batismo\",\"name\":\"Caixa Madrinha Batismo - WorkLaser\",\"isPartOf\":{\"@id\":\"https:\/\/worklaser.pt\/#website\"},\"primaryImageOfPage\":{\"@id\":\"https:\/\/worklaser.pt\/?product=caixa-madrinha-batismo#primaryimage\"},\"datePublished\":\"2022-03-22T18:31:04+00:00\",\"dateModified\":\"2025-06-06T08:36:10+00:00\",\"inLanguage\":\"pt-PT\",\"potentialAction\":[{\"@type\":\"ReadAction\",\"target\":[\"https:\/\/worklaser.pt\/?product=caixa-madrinha-batismo\"]}]}]}<\/script>\n<!-- \/ Yoast SEO plugin. -->","builder_content":"","_links":{"self":[{"href":"https:\/\/worklaser.pt\/index.php?rest_route=\/wp\/v2\/product\/11215"}],"collection":[{"href":"https:\/\/worklaser.pt\/index.php?rest_route=\/wp\/v2\/product"}],"about":[{"href":"https:\/\/worklaser.pt\/index.php?rest_route=\/wp\/v2\/types\/product"}],"replies":[{"embeddable":true,"href":"https:\/\/worklaser.pt\/index.php?rest_route=%2Fwp%2Fv2%2Fcomments&post=11215"}],"wp:featuredmedia":[{"embeddable":true,"href":"https:\/\/worklaser.pt\/index.php?rest_route=\/wp\/v2\/media\/11212"}],"wp:attachment":[{"href":"https:\/\/worklaser.pt\/index.php?rest_route=%2Fwp%2Fv2%2Fmedia&parent=11215"}],"wp:term":[{"taxonomy":"product_cat","embeddable":true,"href":"https:\/\/worklaser.pt\/index.php?rest_route=%2Fwp%2Fv2%2Fproduct_cat&post=11215"},{"taxonomy":"product_tag","embeddable":true,"href":"https:\/\/worklaser.pt\/index.php?rest_route=%2Fwp%2Fv2%2Fproduct_tag&post=11215"}],"curies":[{"name":"wp","href":"https:\/\/api.w.org\/{rel}","templated":true}]}}