{"id":11132,"date":"2022-03-02T11:20:22","date_gmt":"2022-03-02T11:20:22","guid":{"rendered":"https:\/\/worklaser.pt\/?post_type=product&#038;p=11132"},"modified":"2023-02-04T16:18:47","modified_gmt":"2023-02-04T16:18:47","slug":"marcador-coracao","status":"publish","type":"product","link":"https:\/\/worklaser.pt\/?product=marcador-coracao","title":{"rendered":"Marcador Cora\u00e7\u00e3o"},"content":{"rendered":"","protected":false},"excerpt":{"rendered":"<p>Marcador em mdf branco (madeira)<br \/>\nO exemplo est\u00e1 com n\u00fameros mas pode ser palavras.<br \/>\nIndique o que deseja gravar no campo personaliza\u00e7\u00e3o.<\/p>\n<p>Tamanho: 13cm x 12cm<br \/>\nCompra m\u00ednima 8 unidades<\/p>\n<p>Tempo de entrega 15-20 dias \u00fateis.<\/p>\n","protected":false},"featured_media":11090,"comment_status":"open","ping_status":"closed","template":"","meta":[],"product_cat":[60],"product_tag":[],"yoast_head":"<!-- This site is optimized with the Yoast SEO plugin v14.5 - https:\/\/yoast.com\/wordpress\/plugins\/seo\/ -->\n<title>Marcador Cora\u00e7\u00e3o - WorkLaser<\/title>\n<meta name=\"robots\" content=\"index, follow\" \/>\n<meta name=\"googlebot\" content=\"index, follow, max-snippet:-1, max-image-preview:large, max-video-preview:-1\" \/>\n<meta name=\"bingbot\" content=\"index, follow, max-snippet:-1, max-image-preview:large, max-video-preview:-1\" \/>\n<link rel=\"canonical\" href=\"https:\/\/worklaser.pt\/?product=marcador-coracao\" \/>\n<meta property=\"og:locale\" content=\"pt_PT\" \/>\n<meta property=\"og:type\" content=\"article\" \/>\n<meta property=\"og:title\" content=\"Marcador Cora\u00e7\u00e3o - WorkLaser\" \/>\n<meta property=\"og:description\" content=\"Marcador em mdf branco (madeira) O exemplo est\u00e1 com n\u00fameros mas pode ser palavras. Indique o que deseja gravar no campo personaliza\u00e7\u00e3o.  Tamanho: 13cm x 12cm Compra m\u00ednima 8 unidades  Tempo de entrega 15-20 dias \u00fateis.\" \/>\n<meta property=\"og:url\" content=\"https:\/\/worklaser.pt\/?product=marcador-coracao\" \/>\n<meta property=\"og:site_name\" content=\"WorkLaser\" \/>\n<meta property=\"article:publisher\" content=\"https:\/\/www.facebook.com\/worklaser\" \/>\n<meta property=\"article:modified_time\" content=\"2023-02-04T16:18:47+00:00\" \/>\n<meta property=\"og:image\" content=\"https:\/\/worklaser.pt\/wp-content\/uploads\/2022\/03\/10.jpg\" \/>\n\t<meta property=\"og:image:width\" content=\"600\" \/>\n\t<meta property=\"og:image:height\" content=\"466\" \/>\n<meta property=\"fb:app_id\" content=\"275000290498322\" \/>\n<meta name=\"twitter:card\" content=\"summary_large_image\" \/>\n<script type=\"application\/ld+json\" class=\"yoast-schema-graph\">{\"@context\":\"https:\/\/schema.org\",\"@graph\":[{\"@type\":\"WebSite\",\"@id\":\"https:\/\/worklaser.pt\/#website\",\"url\":\"https:\/\/worklaser.pt\/\",\"name\":\"WorkLaser\",\"description\":\"Loja Online\",\"potentialAction\":[{\"@type\":\"SearchAction\",\"target\":\"https:\/\/worklaser.pt\/?s={search_term_string}\",\"query-input\":\"required name=search_term_string\"}],\"inLanguage\":\"pt-PT\"},{\"@type\":\"ImageObject\",\"@id\":\"https:\/\/worklaser.pt\/?product=marcador-coracao#primaryimage\",\"inLanguage\":\"pt-PT\",\"url\":\"https:\/\/worklaser.pt\/wp-content\/uploads\/2022\/03\/10.jpg\",\"width\":600,\"height\":466},{\"@type\":\"WebPage\",\"@id\":\"https:\/\/worklaser.pt\/?product=marcador-coracao#webpage\",\"url\":\"https:\/\/worklaser.pt\/?product=marcador-coracao\",\"name\":\"Marcador Cora\\u00e7\\u00e3o - WorkLaser\",\"isPartOf\":{\"@id\":\"https:\/\/worklaser.pt\/#website\"},\"primaryImageOfPage\":{\"@id\":\"https:\/\/worklaser.pt\/?product=marcador-coracao#primaryimage\"},\"datePublished\":\"2022-03-02T11:20:22+00:00\",\"dateModified\":\"2023-02-04T16:18:47+00:00\",\"inLanguage\":\"pt-PT\",\"potentialAction\":[{\"@type\":\"ReadAction\",\"target\":[\"https:\/\/worklaser.pt\/?product=marcador-coracao\"]}]}]}<\/script>\n<!-- \/ Yoast SEO plugin. -->","builder_content":"","_links":{"self":[{"href":"https:\/\/worklaser.pt\/index.php?rest_route=\/wp\/v2\/product\/11132"}],"collection":[{"href":"https:\/\/worklaser.pt\/index.php?rest_route=\/wp\/v2\/product"}],"about":[{"href":"https:\/\/worklaser.pt\/index.php?rest_route=\/wp\/v2\/types\/product"}],"replies":[{"embeddable":true,"href":"https:\/\/worklaser.pt\/index.php?rest_route=%2Fwp%2Fv2%2Fcomments&post=11132"}],"wp:featuredmedia":[{"embeddable":true,"href":"https:\/\/worklaser.pt\/index.php?rest_route=\/wp\/v2\/media\/11090"}],"wp:attachment":[{"href":"https:\/\/worklaser.pt\/index.php?rest_route=%2Fwp%2Fv2%2Fmedia&parent=11132"}],"wp:term":[{"taxonomy":"product_cat","embeddable":true,"href":"https:\/\/worklaser.pt\/index.php?rest_route=%2Fwp%2Fv2%2Fproduct_cat&post=11132"},{"taxonomy":"product_tag","embeddable":true,"href":"https:\/\/worklaser.pt\/index.php?rest_route=%2Fwp%2Fv2%2Fproduct_tag&post=11132"}],"curies":[{"name":"wp","href":"https:\/\/api.w.org\/{rel}","templated":true}]}}